6*h(l). Let f be b(-5). Let j = f - -187. List the prime factors of j.
2, 29
Suppose 5*i = -3*o + 145, -4*i + 24 + 109 = -o. Suppose i*w - 10*w - 13816 = 0. List the prime factors of w.
2, 157
What are the prime factors of 15972 - (-23 - 112/(-8))?
3, 7, 761
Suppose 21*b - 33 = 30. Let q(x) = 34*x**3 + 6*x**2 - 3*x - 9. What are the prime factors of q(b)?
2, 3, 53
List the prime factors of (12 - (-1441)/44 - -7)/((-1)/(-356)).
3, 23, 89
Let w(y) = -6*y**3 - 56*y**2 + 31*y + 314. List the prime factors of w(-23).
42979
Let t(v) = -9*v + 2. Let g be t(-1). Suppose -17052 = -40*c + g*c. List the prime factors of c.
2, 3, 7
Let g(o) = o**3 + 94*o**2 - 137*o - 164. What are the prime factors of g(-93)?
2, 10613
Suppose 3*w - u - u - 18495 = 0, 2*w - u = 12331. List the prime factors of w.
7, 881
Suppose 3*l - 17 = -5*v, 3*v + 0 + 1 = l. Suppose 0 = l*f - 3*z - 2591, 9 - 3 = 2*z. What are the prime factors of f?
2, 5, 13
Suppose 255*s - 312*s + 2050689 = 0. What are the prime factors of s?
35977
Let p(f) be the third derivative of 7*f**6/120 + f**4/8 - 2*f**3/3 + 15*f**2. Let s be 15/10 + (-3)/(-6). List the prime factors of p(s).
2, 29
Suppose 2287 - 197 = o. List the prime factors of 18/10*o/57.
2, 3, 11
Let i be 2*(-6 + (-65)/(-10)). Suppose 0 = a + 4*r - i - 15, a = -2*r + 22. What are the prime factors of a?
2, 7
Suppose -11*g + 1032 = -9*g. Suppose 0*j + g = 3*j. What are the prime factors of j?
2, 43
Let y = 420 - 418. Suppose -y*c - 2*g + 1198 = 0, -4*c + 3*c = -4*g - 624. What are the prime factors of c?
2, 151
Suppose 19*n - 65 + 8 = 0. Suppose -m = b - 1151, -3*b + 3531 - 48 = -n*m. List the prime factors of b.
2, 17
Let l = -33 - 14. Let z = l + 43. Let x(h) = 5*h**2 + 5. List the prime factors of x(z).
5, 17
Let i be 2/(-5) - (-4268)/20. Suppose 4*b - 5*z = 784, 0 = -0*b + b + 3*z - i. List the prime factors of b.
3, 67
Suppose 4*s + s + 305 = 0. Let p be 15*-6*119/70. Let z = s - p. What are the prime factors of z?
2, 23
Let c = -513 - -5655. What are the prime factors of c?
2, 3, 857
List the prime factors of -6*(133/(-42) - 0)*625.
5, 19
Suppose 0 = -m - 2 + 208. Suppose m = 5*p - 134. List the prime factors of p.
2, 17
Suppose 12*n = 8992 + 41804. What are the prime factors of n?
3, 17, 83
Suppose v + 2*o = 40732, o + 91936 = 3*v - 30274. What are the prime factors of v?
2, 19, 67
Suppose 439*c - 444*c = -14870. Let j = c + -1883. List the prime factors of j.
1091
Let v(b) = -b**3 + 9*b**2 - 4*b - 18. Let d be v(8). Suppose d*w - 4*w = 0. Suppose 0 = z - w*z - 72. List the prime factors of z.
2, 3
Suppose 3*c - 14*n = 4186, -5*c + 2*n + 6870 = -0*c. What are the prime factors of c?
2, 7
Suppose -5*o + 30 = 0, 4*o + 11461 = m - 35936. What are the prime factors of m?
3, 11, 479
What are the prime factors of ((-9824)/5)/((144/45)/(-8))?
2, 307
Suppose 2*r - 3*p = 4, -5*r = 2*p - 2 - 27. Let d(w) = 5 - 4*w - r + 6 - 4. List the prime factors of d(-1).
2, 3
Let h(z) = -5*z**2 + 61*z - 61. Let i(t) = -t**2 + 12*t - 12. Let o(y) = -2*h(y) + 11*i(y). Let j be o(5). Let k = 90 + j. List the prime factors of k.
3, 5, 7
List the prime factors of (-490)/(-4)*((-312)/(-13) + 12).
2, 3, 5, 7
Let n(j) = 3*j**3 - 9*j**2 + 9*j + 10. Let z be n(5). Suppose -959 = -4*k + z. What are the prime factors of k?
3, 97
Suppose -3*t - 74717 = -5*b, 2*b - 177*t - 29891 = -180*t. What are the prime factors of b?
2, 467
Suppose 45*v - v - 180136 = 0. List the prime factors of v.
2, 23, 89
Let o = 73 - -182. Suppose 3*x + 0*x - 3*j - 195 = 0, 5*j = 4*x - o. Suppose s = -4*d + x, 2*s - 4*d - 95 = -3. List the prime factors of s.
2, 3
Suppose 0 = 5*u - 26 + 6. Suppose 0*o + 4*a = 3*o - 717, -u*a + 717 = 3*o. What are the prime factors of o?
239
What are the prime factors of 204/51 + (2300 - 0)?
2, 3
Let g(q) be the second derivative of q**4/12 + q**3 + 25*q**2/2 + 29*q. Let r(o) = o**3 - 2*o**2 + o - 4. Let t be r(3). List the prime factors of g(t).
137
Suppose -342*d + 8268369 = -12047457. List the prime factors of d.
3, 19801
List the prime factors of (-7091)/(-9) + (750/(-54) - -14).
2, 197
Let f = 119 - 122. What are the prime factors of (-4)/f + (-4448)/(-48)?
2, 47
Let p = -78 + 81. Suppose -p*s - 8*q = -3*q - 5, 0 = -5*s - q - 21. What are the prime factors of s + 2 - (-1 + -6*37)?
2, 5, 11
Let i = 2941 - -585. What are the prime factors of i?
2, 41, 43
Let r = 7494 - 4383. What are the prime factors of r?
3, 17, 61
Let k(f) = f**2 - 12*f + 19. Let y be k(9). What are the prime factors of ((-490)/(-15))/(y/(-24))?
2, 7
Let d be 2013*(-10)/(-60) - 3/2. Let a = 627 - d. List the prime factors of a.
293
Suppose -1 = -r, 0*d + 1595 = d - 3*r. Let w = d - 436. What are the prime factors of w?
2, 7, 83
Let k = 90860 + -47521. What are the prime factors of k?
19, 2281
Let b(o) = 43 + 36 - 38 - 2*o + 6*o + 16. List the prime factors of b(9).
3, 31
Let f(h) = -h**3 + 9*h**2 - 2*h - 1. Let w(t) = -2*t**3 + 10*t**2 - 3*t. Let u(l) = 3*f(l) - 2*w(l). What are the prime factors of u(-4)?
3, 5
Let i(t) = t + 2. Let d be i(-19). Let s(m) = -60*m + 68. List the prime factors of s(d).
2, 17
Let r(z) = z**2 + 3*z - 37. Let o(v) = -3*v - 7. Let l be o(17). Let s = l - -42. What are the prime factors of r(s)?
3, 19
Suppose -5*y + 0*y = -925. Let w = -1082 - -999. Let k = y + w. What are the prime factors of k?
2, 3, 17
Suppose -17213 = -2*s + 1551. List the prime factors of s.
2, 4691
Suppose 4*h - 11 = 49. Let c be ((-28)/(-10))/(1/h). Suppose -2*j - 172 = -7*j - 4*u, -3*u - c = -j. What are the prime factors of j?
2, 3
Let y = 4440 + -6636. List the prime factors of y/(-2) + (1 + -37)/6.
2, 3, 7, 13
Suppose 32*t - 58 = 38. Suppose s + 3*y - 224 = -t, -y + 1147 = 5*s. List the prime factors of s.
2, 5, 23
Suppose 9 = -0*c - 3*c. Let z be (-586)/(3/c) - 8/(-4). What are the prime factors of 3*-1*(z/(-18) + 4)?
2, 43
What are the prime factors of ((-213)/21)/(29/(-55825))?
5, 11, 71
Suppose 5*y = -i - 48, -6*y = -2*y + 20. Let j = i + 23. Suppose 2*f + 3*u - 393 = j, -2*f - 3*f + 5*u = -1045. List the prime factors of f.
2, 3, 17
Suppose -5*f - 2*q - 120 = -7*q, -4*f = -2*q + 96. Let l be 4/32 + 531/f. Let j = 46 + l. List the prime factors of j.
2, 3
Let s(m) = -3*m**3 - 4*m - 18. Let y = 113 - 118. What are the prime factors of s(y)?
13, 29
Suppose 193*o = -23*o + 503631 + 3831273. What are the prime factors of o?
7, 47, 61
Let g(r) = 39*r + 77. Suppose 162 = 14*p + 13*p. What are the prime factors of g(p)?
311
Let d be 6/(-5)*100/1. Let i be (-12 - -2) + 7 - (-2 - -218). Let n = d - i. List the prime factors of n.
3, 11
Let a = 1104 + 1296. List the prime factors of a.
2, 3, 5
Suppose -3*b - 1064*y + 1060*y + 136681 = 0, 4*y = 2*b - 91094. What are the prime factors of b?
3, 5, 3037
Let k(u) = 149*u**3 + 36*u**2 + 10*u - 24. List the prime factors of k(5).
3, 7, 19
Suppose 108*l - 16 = 104*l. Suppose 0 = z + l*x - 75 - 989, 3*z + x = 3192. List the prime factors of z.
2, 7, 19
Suppose -14*w - 9 = -17*w. Let i(g) be the second derivative of 2*g**4/3 - g**3/2 + 2*g**2 + 18*g. List the prime factors of i(w).
67
Let h(s) = -s**3 + 17*s**2 + 16. Let y = 26 + -9. Let q be h(y). Suppose -2*o = -2*t - q, o + 0*t = -5*t + 26. List the prime factors of o.
11
Let o(l) = -l**3 - 21*l**2 - 19*l - 43. Let p be o(-20). Let k = p + 62. List the prime factors of k*(-3 + 2 + -134).
3, 5
Let r(z) = 2*z + 19. Let l be r(-8). Suppose h = -h + l*w - 7, 3*w + 28 = -5*h. List the prime factors of (6*1)/(((-10)/11)/h).
3, 11
Suppose 9*a - 82468 = -98*a + 455635. What are the prime factors of a?
47, 107
Let o(h) = -2*h + 3. Let t be o(15). Let a be 9/t - 2/(-6). List the prime factors of a/(-8) + (-246)/9*-3.
2, 41
Let f(u) = -34*u - 11. Let o(s) = -5*s - 7*s + 12*s + 5 + 17*s. Let a(w) = 3*f(w) + 5*o(w). What are the prime factors of a(-5)?
7, 11
Suppose 0 = 74*v - 76*v - 7*w + 26305, 0 = -2*v + 3*w + 26275. List the prime factors of v.
2, 6571
Suppose 0 = -8*z + 11*z + 48. Let w be 60/9*(z + -2). Let h = 18 - w. What are the prime factors of h?
2, 3, 23
Suppose -3*c = -19*c + 80. Suppose 3*a + 16 = 2*q - 2*a, q - 8 = c*a. Suppose 82 + 574 = q*n. What are the prime factors of n?
2, 41
Let g(q) = 77*q - 60. Let a be g(7). Let m = -219 + a. List the prime factors of m.
2, 5, 13
Let z = 10 + -6. L